et h(l) = -4*l**3 + 8*l**2 - 6*l + 4. Let u(r) = 2*h(r) - 3*w(r). Calculate u(4).
-8
Let j(i) = 11*i - 7 + 3 - 7*i - 1 + 1. What is j(4)?
12
Let g(f) = 9 - 3*f - 5*f + 4*f + 6*f - 7*f. What is g(5)?
-16
Let j(m) = 37*m**3 + 32*m**3 - 70*m**3 + 2*m - 2. Determine j(2).
-6
Let l(w) = 3*w**2 + 20*w + 12. Suppose 21 = -2*x + 3*a, 5*a = -2*x - 1 + 4. Determine l(x).
0
Let g(f) = -2*f - 7. Suppose 2*p = -d + 7 - 1, -3*p + 9 = -2*d. Let a be 14/(-28) + (18/(-4) - d). What is g(a)?
3
Let o = 33 - 27. Let v be -4*(27/o + -4). Let l(g) = -2*g**3 - 4*g**2 - 2*g. Give l(v).
4
Let t = 9 - 3. Let q = 7 - t. Let m(i) = 8*i**3 - i. Give m(q).
7
Let i be ((-3)/(-3))/(3/(-18)*-2). Let m(d) = -17*d**3 + 11*d**3 + 5*d**i - d - d + 8 + 6*d**2. What is m(6)?
-4
Let g be 13/4 + (-44)/176. Suppose -15 = 5*x - 8*x + 2*q, 3*x = -4*q - 3. Let k(u) = 3*u - 2 - 4*u**2 + 4*u**x - 3*u**3 - 2. What is k(g)?
-4
Suppose 10*p + 257 - 187 = 0. Let f(n) = -n**2 - 8*n - 2. Determine f(p).
5
Let s(n) be the first derivative of -n**3/3 + 3*n**2 - 2*n + 5. Let w(o) = -2*o**3 + 2*o**2 + o. Let r be -7 - -6 - 0/(-1). Let u be w(r). Determine s(u).
7
Let c(k) be the first derivative of -k**3/3 + 2*k**2 - 3*k - 251. Calculate c(1).
0
Let w = 12 - 12. Suppose w*t = 6*t - 90. Let a = t + -12. Let n(c) = 3*c + 4. Determine n(a).
13
Let c(u) = 8*u**3 + 1 + 5*u**3 + 2*u**2 - u - 11*u**3. What is c(-2)?
-5
Suppose n - 5*n + 3*a - 29 = 0, 5*n + 2*a = -19. Let u(g) = 7*g. Let q(d) = -13*d. Let v(l) = 6*q(l) + 11*u(l). Determine v(n).
5
Let l(o) = 32*o + 39*o - 57*o + 16*o**2 - 14 + o**3 + 0 - 1. Give l(-15).
0
Suppose -w + 5*o - 8 = 0, 2*w + 0*w = -5*o + 14. Let k(c) be the third derivative of c**5/60 + c**4/12 - c**3/2 + 1839*c**2. Give k(w).
5
Let f(n) = n + 8. Let s be f(-6). Let h(p) = -p - s*p + 4*p + 1. Determine h(2).
3
Let q be 56/35*1*15/(-6). Let f(a) = a**2 + 3*a + 2. What is f(q)?
6
Suppose o = -4*c + 100, -2*c + 26 = -3*o - 10. Let l be (c/(-30))/(2/(2 - 12)). Let k(i) = -i**2 + 11*i - 6. Give k(l).
22
Let v be 2/(-5)*(-3)/((-18)/(-15)). Let j(f) = -41*f**2 - f + 1. Give j(v).
-41
Let p(q) = -2*q. Let a = 61 - 61. Let h = 9 + -5. Suppose h*b = -a*b + 4. What is p(b)?
-2
Let a(m) = -51*m**3 + 50*m**3 - 3*m + m**2 - 4*m**2 + 2. What is a(-4)?
30
Let m = -687/4 + 172. Let h(v) be the first derivative of m*v**4 - 3*v**2 + 5*v + 4/3*v**3 + 3. Calculate h(-5).
10
Let v(i) = -i**3 - i**2 - i + 10. Let z(y) = y**3 - 4*y**2 + 4. Let u be z(4). Suppose -4*g - 2*x = -0*x + 2, -4*x - u = 2*g. Suppose -3*l - l = g. Give v(l).
10
Let j(n) = -n**2 - 4*n + 1. Let m(q) = -4*q**2 + 14*q + 13. Let d be m(-1). Calculate j(d).
-4
Let m(w) = 7*w**3 - 3*w**2 + 8*w + 3. Let h(p) = 13*p**3 - 5*p**2 + 14*p + 5. Let j(l) = -6*h(l) + 11*m(l). Give j(-4).
3
Let k(z) be the third derivative of -z**5/60 + 5*z**4/24 + z**3 - 2*z**2 - 3. Let o be (-2*1 - -8) + -1. Let l = o - 0. Give k(l).
6
Let f(b) = -4 + 4 + 5*b - 7 + 4 - 6*b. What is f(-8)?
5
Let l(b) = 3*b**3 + 7*b**2 - 7*b + 4. Let h(g) = -7*g**3 - 17*g**2 + 15*g - 9. Let q(z) = 4*h(z) + 9*l(z). Let j = -10 + 6. What is q(j)?
-4
Let k(j) = j - 4. Let a be k(7). Suppose 8 = -a*y + 7*y. Suppose -3*b + 20 = y*b. Let w(t) = -t**3 + 5*t**2 - t + 1. Calculate w(b).
13
Let s(i) be the second derivative of i**3/6 + 13*i**2/2 - 6*i - 2. Give s(-11).
2
Let a(p) = -p - 2. Suppose -11*w - 83 = -28. What is a(w)?
3
Let o(k) = -k + 6. Let b be (3 + 1)*(-9)/(-12). Suppose -z + c = -5, -b*z = 4*c - 21 - 8. Give o(z).
-1
Let o(a) = a - 9. Suppose -6*l = -10*l + 444. Let u = 120 - l. What is o(u)?
0
Let v(s) = 12*s + 10. Let b(h) = -5*h - 4. Let a(q) = -5*b(q) - 2*v(q). Let u(w) = w. Let k(j) = -2. Let x(r) = -k(r) + 2*u(r). Let z be x(2). What is a(z)?
6
Let h(g) be the second derivative of -g**5/20 + g**4/12 + 5*g**2/2 + g. Let c(q) = q**2 + 15*q - 15. Let x be c(-18). Let y be 1 + -4 + x/13. Determine h(y).
5
Let k(h) = -2*h + 11. Let l be k(4). Let w(j) be the third derivative of -5/24*j**4 + 0 - 3*j**2 + 1/3*j**3 - 1/30*j**5 + 1/120*j**6 + 0*j. What is w(l)?
-4
Let f(m) be the first derivative of -3/2*m**2 - m + 14 - 1/3*m**3. What is f(-4)?
-5
Let w(u) = u**2 - 12*u + 18. Let k(t) = t. Let s(m) = 3*k(m) + w(m). Determine s(4).
-2
Let p = -807 + 814. Let l(t) be the first derivative of 14 + 1/3*t**3 - 3*t**2 + p*t. Determine l(5).
2
Let j be 2*2*(-2)/(-8) - -1. Suppose -72*k = -71*k + j. Let t(v) = 3*v**3 + v**2 - 4*v - 3. What is t(k)?
-15
Let p(u) = -u**2 - 7*u - 3. Let b be p(-6). Let q be (b + (-1 - -1))/1. Let l(k) = k**2 - 2*k + 1. Let w be l(q). Let o(z) = -2*z - 4. What is o(w)?
-12
Let o(r) = 5*r + 5. Suppose -6*n = -n - 3*y - 70, -2*y = -5*n + 65. Let h(x) = -9*x - 10. Let s(k) = n*o(k) + 6*h(k). Give s(4).
-1
Let f(p) = 5*p - 7. Let j = -314 - -320. Calculate f(j).
23
Suppose 7*t - 12 = 4*t. Let d(s) = 5 - 3*s - t - 1 - 2. Calculate d(-5).
13
Suppose 3*n = 4*n - 6. Let l(t) = 16*t**3 - 309*t**2 - 15*t**3 + 302*t**2 - 6 + 6*t. Calculate l(n).
-6
Let i be (-10)/(-3)*(-36)/(-15). Suppose 4*d - 6 = d. Let r = d - i. Let p(w) = -2*w - 2. Determine p(r).
10
Let r(j) = 2*j**3 - 4*j**2 + 2*j + 1. Suppose w + 1 = -x, 0 = -5*w - x - 0*x + 11. Suppose -w = -i - 9. Let z be ((-4)/12 - 0)*i. Calculate r(z).
5
Let g be (21/14 - (-12)/(-8))/3. Let w(l) be the third derivative of 0*l + g + 1/2*l**3 + 2*l**2 - 1/24*l**4. What is w(5)?
-2
Let r(z) be the first derivative of 2/3*z**3 + 2 - 3*z**2 - 5*z. Determine r(5).
15
Let j(p) = p**3 - 5*p**2 + 4*p + 1. Let w be j(3). Let c(g) = -g**3 - 3*g**2 + 8*g - 2. Give c(w).
8
Let f(v) be the second derivative of v**6/240 - v**5/120 - 4*v**4/3 - 14*v. Let i(m) be the third derivative of f(m). Give i(3).
8
Suppose 4*h = w - 122, 0 = 3*h - h - 3*w + 66. Let k = 37 + h. Let y(j) = -j + 10. Give y(k).
3
Let q = 7 - 4. Let m(p) = -22*p**2 + 22*p**2 + 5*p**q - 4*p**3 + 1. Give m(0).
1
Let r(c) = c**3 + 5*c**2 - 6*c - 8. Let m = 107 - 113. What is r(m)?
-8
Let t(f) be the third derivative of f**6/120 + 7*f**5/20 - 7*f**4/8 + 14*f**3/3 - 379*f**2. What is t(-22)?
6
Let b(d) = 0*d + 2*d + 0 - 5. Let s be 1/((-596)/(-148) + -4). Suppose 5*x - s = -3*u, -4*u + 36 = 4*x - 0*u. Determine b(x).
5
Let i(f) = -f**3 - 3*f**2 + 8*f + 1. Let n be i(-5). Suppose -n = -3*j + 10. Let m(s) = s. Give m(j).
7
Suppose -3*g + 0*g + 4*s - 31 = 0, 8 = -4*g - 3*s. Let w(z) = -2*z - 690971 + 4*z + 690972. What is w(g)?
-9
Let d = -8 + 10. Suppose y = d - 0. Let q(b) = 5*b + 3 - 2*b**3 + 2*b**3 + y*b**3 - b**3 - 6*b**2. What is q(5)?
3
Let t(r) = -2*r**2 + r**3 + 2*r**2 + r**2 - 16. Suppose -5*o - 7*z - 3*z + 9*z = 0, -o + 5*z = 0. Determine t(o).
-16
Let m(z) be the second derivative of -z**5/20 - z**4/6 - 43*z**3/6 + z. Let k(h) be the second derivative of m(h). Determine k(-3).
14
Let d(l) be the second derivative of l**4/6 + l**3/6 + 35*l - 1. What is d(-2)?
6
Let z(n) be the third derivative of -n**6/120 - 7*n**5/60 + n**4/24 - n**3 - 149*n**2 - n. Give z(-7).
-13
Let m = 8 + -11. Let z(f) be the third derivative of -5*f**4/24 + f**3/2 - 4*f**2. Let a(c) = 6*c - 4. Let k(j) = -4*a(j) - 5*z(j). Give k(m).
-2
Let a(d) = -d**3 + 4*d**2 - 2*d + 4. Let b be 84/10 + (1 - (-21)/(-15)). Suppose -10*f + 8 = -b*f. Give a(f).
-4
Let k be (1 - 1)/(4 + -2). Let v(y) = -y**3 - y + 481 - 962 + 477. What is v(k)?
-4
Let f(w) = 3*w - 12. Let j(t) = -2*t + 9. Let q(m) = 3*f(m) + 4*j(m). Give q(6).
6
Suppose 0 = 5*l + 25, -5*d = -l - 12 - 8. Let q(a) = -2 + a**d + 7*a - 1 - 1488*a**2 + 1495*a**2. Calculate q(-6).
-9
Let t(i) = -i - 8. Let q(j) = 3*j**2 + 31*j + 2. Let h be q(-10). Give t(h).
0
Let a(y) be the first derivative of -10/3*y**3 + 2 + 0*y**2 + 0*y. Let s be (11 - 11) + (-2)/(-2). What is a(s)?
-10
Let a be ((-6)/5)/((-18)/60). Suppose 3*x = 9*x. Suppose 4*s + a = -x. Let i(t) = t**3 + 3*t**2 + t. What is i(s)?
1
Suppose -x - 4*o - 17 = 0, -5*x = 6*o - 3*o. Let a(c) be the first derivative of 0*c - 5/2*c**2 + x. Determine a(1).
-5
Let o be (-12)/(-9)*12/8. Let h(a) be the first derivative of -2*a - 1/2*a**2 - o. Determine h(-4).
2
Suppose -10 + 0 = v + 3*y, 5*v = y - 2. Let r be (37/(-5) - v) + 16/40. Let l(w) = -w**3 - 6*w**2 - w - 3. Determine l(r).
3
Let c(y) = -y**2 - 5*y - 1. Let j(d) = d**2 + 3*d + 3. Let g be j(0). Let a be 2/(-6)*g*(-8)/(-2). Calculate c(a).